 150757 a multiple of 35?
False
Does 442 divide 122876?
True
Is 12932 a multiple of 53?
True
Is 155 a factor of 442098?
False
Is 40572 a multiple of 294?
True
Is 52 a factor of 9487712?
True
Is 88 a factor of 497768?
False
Is 847 a factor of 4301639?
False
Does 24 divide 1839996?
False
Is 180134 a multiple of 112?
False
Does 9 divide 72972?
True
Does 61 divide 2423786?
False
Does 682 divide 825902?
True
Is 116 a factor of 9668928?
False
Is 820981 a multiple of 196?
False
Does 6 divide 15257512?
False
Is 22 a factor of 1884784?
True
Does 35 divide 20801?
False
Does 37 divide 389573?
True
Does 116 divide 858748?
True
Is 2067789 a multiple of 4?
False
Is 129239 a multiple of 141?
False
Is 154 a factor of 2749054?
True
Is 19 a factor of 753939?
True
Is 614 a factor of 7532741?
False
Is 120 a factor of 1029000?
True
Does 22 divide 1894662?
True
Does 10 divide 2469189?
False
Is 2645664 a multiple of 32?
True
Does 166 divide 276058?
True
Does 110 divide 232612?
False
Is 15 a factor of 6106155?
True
Is 143997 a multiple of 18?
False
Is 35673 a multiple of 7?
False
Does 44 divide 7920229?
False
Is 432484 a multiple of 256?
False
Is 70 a factor of 17662610?
True
Is 41 a factor of 37925?
True
Does 2 divide 266356?
True
Is 605880 a multiple of 198?
True
Does 23 divide 147930?
False
Does 650 divide 158297?
False
Is 27 a factor of 275130?
True
Is 285154 a multiple of 2?
True
Does 98 divide 40677?
False
Is 26 a factor of 14534?
True
Does 38 divide 375029?
False
Is 757 a factor of 327024?
True
Does 236 divide 225380?
True
Is 9 a factor of 203453?
False
Is 20 a factor of 333620?
True
Does 125 divide 2618795?
False
Is 66678 even?
True
Does 172 divide 612848?
False
Is 1697978 a multiple of 2?
True
Is 228357 a multiple of 3?
True
Is 232 a factor of 141346?
False
Does 6 divide 334860?
True
Is 30 a factor of 58770?
True
Is 10 a factor of 10498460?
True
Is 64328 a multiple of 17?
True
Is 21 a factor of 2775654?
True
Is 15 a factor of 744396?
False
Does 7 divide 670196?
False
Is 310317 a multiple of 49?
True
Is 639 a factor of 711846?
True
Is 13 a factor of 4734743?
True
Is 198030 a multiple of 14?
True
Is 2180100 a multiple of 507?
True
Is 2303240 a multiple of 142?
True
Is 3 a factor of 10521?
True
Is 32776 a multiple of 359?
False
Does 48 divide 520850?
False
Does 10 divide 177520?
True
Is 61 a factor of 295179?
True
Is 59 a factor of 88736?
True
Is 165 a factor of 658594?
False
Is 1323896 a multiple of 503?
True
Does 17 divide 71376?
False
Does 55 divide 194040?
True
Does 43 divide 841811?
True
Does 4 divide 67200?
True
Is 361 a factor of 1231010?
True
Is 123642 a multiple of 18?
True
Is 3 a factor of 5409479?
False
Does 4 divide 101952?
True
Is 134 a factor of 672421?
False
Is 332 a factor of 97742?
False
Is 114 a factor of 1599762?
True
Is 18 a factor of 129325?
False
Is 21142333 a multiple of 35?
False
Does 67 divide 138861?
False
Is 82090 a multiple of 15?
False
Is 211 a factor of 138205?
True
Does 290 divide 858?
False
Does 4 divide 165082?
False
Is 376 a factor of 431403?
False
Does 681 divide 10981320?
False
Is 545 a factor of 6162860?
True
Is 255423 a multiple of 15?
False
Is 962776 a multiple of 42?
False
Is 2126096 a multiple of 164?
True
Is 171 a factor of 207081?
True
Is 14 a factor of 2446940?
False
Is 199 a factor of 3699012?
True
Is 69 a factor of 94758?
False
Is 106 a factor of 25597205?
False
Is 1418 a factor of 14476362?
True
Is 4776240 a multiple of 1398?
False
Is 145 a factor of 722949?
False
Is 12 a factor of 122917?
False
Does 28 divide 640752?
True
Is 29 a factor of 124183?
False
Is 6265800 a multiple of 236?
True
Does 6 divide 36294?
True
Does 16 divide 412640?
True
Is 2936158 a multiple of 340?
False
Does 117 divide 318942?
True
Is 25 a factor of 436300?
True
Does 918 divide 2628837?
False
Is 113209 a multiple of 22?
False
Is 55567 a multiple of 181?
True
Does 116 divide 564572?
True
Does 144 divide 222116?
False
Does 2325 divide 11508750?
True
Does 698 divide 6431699?
False
Is 39 a factor of 860535?
True
Is 21 a factor of 1167621?
True
Is 4 a factor of 17126?
False
Is 25 a factor of 129781?
False
Does 152 divide 3244136?
True
Does 162 divide 283397?
False
Is 799488 a multiple of 768?
True
Is 51609 a multiple of 17?
False
Does 32 divide 1882268?
False
Does 34 divide 332463?
False
Is 3531864 a multiple of 21?
True
Is 155620 a multiple of 31?
True
Is 16 a factor of 146224?
True
Is 834 a factor of 2207598?
True
Is 221986 a multiple of 17?
True
Is 15 a factor of 1460400?
True
Is 2031100 a multiple of 25?
True
Is 249062 a multiple of 55?
False
Is 2328785 a multiple of 50?
False
Is 9 a factor of 22788?
True
Does 19 divide 118294?
True
Is 144 a factor of 67248?
True
Does 47 divide 666441?
False
Is 40 a factor of 5832?
False
Does 73 divide 11616?
False
Is 1343199 a multiple of 13?
True
Is 6 a factor of 28869?
False
Is 51462 a multiple of 24?
False
Is 18 a factor of 775580?
False
Is 635694 a multiple of 198?
False
Does 21 divide 9723?
True
Is 232 a factor of 4926430?
False
Is 1087 a factor of 10566032?
False
Does 753 divide 317052?
False
Does 630 divide 607320?
True
Does 56 divide 86744?
True
Does 528 divide 1164154?
False
Does 83 divide 7226395?
True
Is 16 a factor of 424930?
False
Is 234 a factor of 5821452?
True
Is 1016848 a multiple of 56?
True
Is 21460 a multiple of 487?
False
Is 45 a factor of 389281?
False
Is 4384925 a multiple of 215?
True
Does 48 divide 1938288?
True
Is 107 a factor of 277344?
True
Does 2041 divide 7374133?
True
Is 31 a factor of 1799632?
False
Does 90 divide 120960?
True
Is 810128 a multiple of 11?
True
Does 57 divide 59622?
True
Is 8012882 a multiple of 112?
False
Does 245 divide 92855?
True
Is 13529978 a multiple of 242?
True
Does 4 divide 90824?
True
Is 593461 a multiple of 70?
False
Does 44 divide 386801?
False
Does 3 divide 76500?
True
Is 107454 a multiple of 127?
False
Does 11 divide 56155?
True
Is 767220 a multiple of 5?
True
Is 119640 a multiple of 8?
True
Does 8 divide 354878?
False
Is 304 a factor of 1152464?
True
Is 16090 a multiple of 33?
False
Is 1238475 a multiple of 35?
True
Does 21 divide 164850?
True
Is 57 a factor of 29868?
True
Is 18 a factor of 375282?
True
Is 1504496 a multiple of 1919?
True
Does 5 divide 1129805?
True
Does 14 divide 240357?
False
Is 114 a factor of 67626?
False
Is 19800 a multiple of 9?
True
Is 62040 a multiple of 40?
True
Is 11 a factor of 8583981?
False
Does 7 divide 2799628?
False
Does 142 divide 170190?
False
Is 72 a factor of 777384?
True
Is 25 a factor of 46902?
False
Is 3092700 even?
True
Is 243 a factor of 218700?
True
Is 4519112 a multiple of 26?
True
Is 48 a factor of 640365?
False
Does 64 divide 32424?
False
Is 7915025 a multiple of 287?
False
Does 104 divide 224224?
True
Is 3484360 a multiple of 98?
False
Is 52 a factor of 131300?
True
Does 119 divide 264761?
False
Does 25 divide 2777850?
True
Does 119 divide 7128338?
True
Does 82 divide 17316186?
True
Does 23 divide 666173?
False
Is 1331848 a multiple of 52?
False
Is 8 a factor of 3699528?
True
Does 17 divide 4948904?
True
Is 14 a factor of 78484?
True
Is 16 a factor of 47023?
False
Is 6681469 a multiple of 26?
False
Is 73040 a multiple of 220?
True
Is 35 a factor of 73745?
True
Is 6 a factor of 70427?
False
Is 123 a factor of 2418672?
True
Is 119 a factor of 11800516?
True
Is 2573923 a multiple of 308?
False
Is 14 a factor of 439628?
True
Is 44 a factor of 395043?
False
Does 489 divide 4811450?
False
Is 407558 a multiple of 289?
False
Does 904 divide 6857744?
True
Does 50 divide 22778?
False
Is 5 a factor of 6750226?
False
Is 2604313 a multiple of 14?
False
Is 33055694 a multiple of 2891?
True
Is 1107106 a multiple of 91?
True
Is 657424 a multiple of 136?
True
Is 85 a factor of 57120?
True
Is 13 a factor of 1843309?
True
Does 514 divide 4441988?
True
Is 69132 a multiple of 161?
False
Is 17 a factor of 7922?
True
Is 207060 a multiple of 58?
True
Is 71 a factor of 76788?
False
Does 34 divide 5918176?
True
Is 5765340 a multiple of 735?
True
Does 1087 divide 943516?
True
Does 85 divide 3589720?
True
Does 26 divide 106298?
False
Does 21 divide 8247372?
True
Does 3 divide 1255459?
False
Is 279297 a multiple of 180?
False
Does 7 divide 11400?
False
Does 37 divide 3778292?
True
Is 22 a factor of 406659?
False
Is 196239 a 